{"id":180,"date":"2024-07-02T08:24:58","date_gmt":"2024-07-02T08:24:58","guid":{"rendered":"https:\/\/oraontinyent.com\/parquimetro\/"},"modified":"2024-07-12T12:58:50","modified_gmt":"2024-07-12T12:58:50","slug":"parquimetro","status":"publish","type":"page","link":"https:\/\/oraontinyent.com\/val\/parquimetro\/","title":{"rendered":"Parqu\u00edmetro"},"content":{"rendered":"<article class=\"tpk-page\">\n    <div class=\"row wrapper center-xs tpk-page__content\">\n        <div class=\"col-xs-12 col-sm-10 col-md-8 pt-4 pb-4\">\n            <h2><strong>Informaci\u00f3<\/strong><\/h2>\n<p>Si no desitja abonar la taxa municipal mitjan\u00e7ant el seu Tel\u00e8fon intel\u00b7ligent, a trav\u00e9s de telpark, t\u00e9 l'opci\u00f3 d'usar els Parqu\u00edmetres. En tots ells podr\u00e0 usar monedes o targetes prepagament. En alguns d'ells (identificats amb el corresponent adhesiu), fins i tot podr\u00e0 usar targetes banc\u00e0ries EMV. Per a obtindre informaci\u00f3 sobre les targetes prepagament, consulte al controlador o acudisca a l'oficina situada en: P\u00e0rquing Sant Jaume. C\/Ravalet, s\/n - 46870 Ontinyent (Val\u00e8ncia).<\/p>\n<p>Recorde que els parqu\u00edmetres no admeten bitllets, nom\u00e9s monedes i no retornen canvi. Per a efectuar el pagament mitjan\u00e7ant targetes prepagament ha d'introduir-la en la ranura del targeter. En aquells que disposen d'adhesiu de pagament amb targeta de cr\u00e8dit o d\u00e8bit podr\u00e0, a m\u00e9s, realitzar el pagament amb estes.<\/p>\n<p>En el parqu\u00edmetre tamb\u00e9 podr\u00e0 realitzar l'anul\u00b7laci\u00f3 electr\u00f2nica de la den\u00fancia, per sobrepassar el temps autoritzat d'estacionament, segons tiquet. Aix\u00f2 \u00e9s possible fins a 24h despr\u00e9s de l'hora de la infracci\u00f3, mitjan\u00e7ant l'obtenci\u00f3 d'un tiquet d'anul\u00b7laci\u00f3. Aconsellem que conserve este tiquet com a justificant de l'anul\u00b7laci\u00f3.<\/p>\n<h2><strong>FUNCIONAMENT<\/strong><\/h2>\n<p>El parqu\u00edmetre \u00e9s \u201cintel\u00b7ligent\u201d i a trav\u00e9s de senzills men\u00fas, mostrats en la seua pantalla a color, li guiar\u00e0 en les gestions que requerisca realitzar. Per a comen\u00e7ar polse qualsevol bot\u00f3 del teclat per a despertar la pantalla<\/p>\n<p>Qualsevol persona pot aparcar en les places regulades de la zona blava, pr\u00e8via obtenci\u00f3 del distintiu o tiquet habilitant corresponent. Les places regulades estan identificades mitjan\u00e7ant la pintura del paviment i els senyals verticals que delimiten la zona regulada a l'inici de la via.<\/p>\n<ul>\n<li>Podr\u00e0 anul\u00b7lar la den\u00fancia en el sup\u00f2sit de sobrepassar el temps autoritzat en el tiquet d'estacionament, per al que disposar\u00e0 de 24 hores a comptar des de la imposici\u00f3 de la den\u00fancia.<\/li>\n<li>Per a aix\u00f2 podr\u00e0 usar telpark o haur\u00e0 d'obtindre en la m\u00e0quina expenedora un tiquet d'anul\u00b7laci\u00f3, l'import de la qual ser\u00e0 de 3,15 euros.<\/li>\n<\/ul>\n<h2><!-- notionvc: 3ab93322-f72f-4b97-b095-f493c1fc04e3 --><\/h2>\n<p><img loading=\"lazy\" class=\"size-full wp-image-171 alignleft\" src=\"http:\/\/oraontinyent.com\/wp-content\/uploads\/sites\/33\/2024\/07\/parquimetro-1.png\" alt=\"\" width=\"283\" height=\"378\" \/> <img loading=\"lazy\" class=\"wp-image-173 alignnone\" src=\"http:\/\/oraontinyent.com\/wp-content\/uploads\/sites\/33\/2024\/07\/parquimetro-2.png\" alt=\"\" width=\"269\" height=\"378\" \/><\/p>\n<p><em><span class=\"notion-enable-hover\" data-token-index=\"0\">El controlador de l'aparcament en via p\u00fablica ser\u00e0 el responsable de regular el perfecte compliment de l'estacionament en la zona de la seua compet\u00e8ncia. El personal encarregat de controlar la zona en via p\u00fablica que hi ha empla\u00e7ada des de la placa d'inici de zona fins a la placa de fi de zona regula el compliment del perfecte estacionament en esta via, en tots els \u00e0mbits.<\/span><\/em><!-- notionvc: 2709aa27-04ec-4a42-8b9b-52aa04444790 --><\/p>\n<p><!-- notionvc: 97db349c-6d75-40f1-b0ce-8d982321a0d6 --><\/p>\n\n        <\/div>\n    <\/div>\n<\/article>\n\n\n<section\n        class=\"tpk-banner-cta tpk-banner-cta--background   \"\n        style=\" --bg-picture: url('https:\/\/oraontinyent.com\/wp-content\/uploads\/sites\/33\/2024\/07\/Banner-2110x766-1.webp'); \">\n    <div class=\"tpk-banner-cta__content row wrapper middle-xs \">\n                                <div class=\"col-xs-12 col-md-6 tpk-banner-cta__content__text  \">\n                                                <header class=\"tpk-head  wrapper\">\n    <p class=\"tpk-head__caption\">Consulta les zones d'estacionament regulat<\/p>    <h2 class=\"tpk-head__title\">Plan General Ontinyent<\/h2>    <\/header>                                    <div class=\"tpk-banner-cta__buttons\">\n                                                                                <a  class=\"tpk-button tpk-button--primary tpk-button--lg \" href=\"https:\/\/oraontinyent.com\/val\/planos\/\"    target=\"_blank\" >\n    <span>Ver <\/span>\n    <\/a>                                            <\/div>\n                            <\/div>\n        <\/div>\n<\/section>\n\n<article class=\"tpk-page\">\n    <div class=\"row wrapper center-xs tpk-page__content\">\n        <div class=\"col-xs-12 col-sm-10 col-md-8 pt-4 pb-4\">\n            <h2>Formes de Pagament<\/h2>\n<blockquote><p>Pot abonar la taxa d'aparcament: en met\u00e0l\u00b7lic amb monedes, mitjan\u00e7ant Tel\u00e8fon intel\u00b7ligent amb la nostra aplicaci\u00f3 *telpark (www.telpark.com), amb targeta de prepagament en tots els parqu\u00edmetres i amb targetes banc\u00e0ries (*EMV) en alguns parqu\u00edmetres.<\/p><\/blockquote>\n\n        <\/div>\n    <\/div>\n<\/article>\n\n<article class=\"tpk-page\">\n    <div class=\"row wrapper center-xs tpk-page__content\">\n        <div class=\"col-xs-12 col-sm-10 col-md-8 pt-4 pb-4\">\n            <h2>Preguntes Freq\u00fcents<\/h2>\n<blockquote>\n<p>Si t\u00e9 qualsevol dubte no dubte a consultar la nostra F.A.Q. (Preguntes Freq\u00fcents) on trobar\u00e0 les q\u00fcestions realitzades per la majoria dels usuaris.<\/p>\n<p><a href=\"https:\/\/oraontinyent.com\/val\/faqs\/\">VEURE PREGUNTES FREQ\u00dcENTS<\/a><\/p>\n<\/blockquote>\n\n        <\/div>\n    <\/div>\n<\/article>\n\n\n<section class=\"tpk-banner-app \">\n    <div class=\"row wrapper middle-xs\">\n        <div class=\"col-xs-12 col-sm-6 col-no-gutter tpk-banner-app__picture\">\n                                                <picture class=\"hide-xs show-sm\">\n\n                             <source srcset=\"https:\/\/oraontinyent.com\/wp-content\/uploads\/sites\/33\/2024\/07\/Web-bloque-ORA-488x534.webp\" media=\"(min-width: 30rem) and (max-width: 64rem)\" >\n                            <source srcset=\"https:\/\/oraontinyent.com\/wp-content\/uploads\/sites\/33\/2024\/07\/Web-bloque-ORA.webp\" media=\"(min-width: 64rem)\" >\n        \n        \n                                                                                                        \n        <img src=\"https:\/\/oraontinyent.com\/wp-content\/uploads\/sites\/33\/2024\/07\/Web-bloque-ORA.webp\" alt=\"\"  width=\"600\" height=\"600\"  loading=\"lazy\" >\n    <\/picture>\n\n                                <\/div>\n        <div class=\"col-xs-12 col-sm-6 tpk-banner-app__content\">\n                        <header class=\"tpk-head  wrapper\">\n    <p class=\"tpk-head__caption\">Aparca i seguix<\/p>    <h2 class=\"tpk-head__title\">Escaneja el codi amb el teu m\u00f2bil per a descarregar l'app<\/h2>    <\/header>\n                        <div class=\"tpk-banner-app__buttons\">\n                            <\/div>\n        <\/div>\n    <\/div>\n<\/section>\n","protected":false},"excerpt":{"rendered":"","protected":false},"author":8,"featured_media":0,"parent":0,"menu_order":0,"comment_status":"closed","ping_status":"closed","template":"","meta":[],"yoast_head":"<!-- This site is optimized with the Yoast SEO plugin v20.12 - https:\/\/yoast.com\/wordpress\/plugins\/seo\/ -->\n<title>Parqu\u00edmetro - Ontinyent<\/title>\n<meta name=\"robots\" content=\"index, follow, max-snippet:-1, max-image-preview:large, max-video-preview:-1\" \/>\n<link rel=\"canonical\" href=\"https:\/\/oraontinyent.com\/val\/parquimetro\/\" \/>\n<meta property=\"og:locale\" content=\"en_US\" \/>\n<meta property=\"og:type\" content=\"article\" \/>\n<meta property=\"og:title\" content=\"Parqu\u00edmetro - Ontinyent\" \/>\n<meta property=\"og:url\" content=\"https:\/\/oraontinyent.com\/val\/parquimetro\/\" \/>\n<meta property=\"og:site_name\" content=\"Ontinyent\" \/>\n<meta property=\"article:modified_time\" content=\"2024-07-12T12:58:50+00:00\" \/>\n<meta name=\"twitter:card\" content=\"summary_large_image\" \/>\n<script type=\"application\/ld+json\" class=\"yoast-schema-graph\">{\"@context\":\"https:\/\/schema.org\",\"@graph\":[{\"@type\":\"WebPage\",\"@id\":\"https:\/\/oraontinyent.com\/val\/parquimetro\/\",\"url\":\"https:\/\/oraontinyent.com\/val\/parquimetro\/\",\"name\":\"Parqu\u00edmetro - Ontinyent\",\"isPartOf\":{\"@id\":\"https:\/\/oraontinyent.com\/val\/#website\"},\"datePublished\":\"2024-07-02T08:24:58+00:00\",\"dateModified\":\"2024-07-12T12:58:50+00:00\",\"breadcrumb\":{\"@id\":\"https:\/\/oraontinyent.com\/val\/parquimetro\/#breadcrumb\"},\"inLanguage\":\"ca-VAL\",\"potentialAction\":[{\"@type\":\"ReadAction\",\"target\":[\"https:\/\/oraontinyent.com\/val\/parquimetro\/\"]}]},{\"@type\":\"BreadcrumbList\",\"@id\":\"https:\/\/oraontinyent.com\/val\/parquimetro\/#breadcrumb\",\"itemListElement\":[{\"@type\":\"ListItem\",\"position\":1,\"name\":\"Home\",\"item\":\"https:\/\/oraontinyent.com\/val\/\"},{\"@type\":\"ListItem\",\"position\":2,\"name\":\"Parqu\u00edmetro\"}]},{\"@type\":\"WebSite\",\"@id\":\"https:\/\/oraontinyent.com\/val\/#website\",\"url\":\"https:\/\/oraontinyent.com\/val\/\",\"name\":\"Ontinyent\",\"description\":\"\",\"publisher\":{\"@id\":\"https:\/\/oraontinyent.com\/val\/#organization\"},\"potentialAction\":[{\"@type\":\"SearchAction\",\"target\":{\"@type\":\"EntryPoint\",\"urlTemplate\":\"https:\/\/oraontinyent.com\/val\/?s={search_term_string}\"},\"query-input\":\"required name=search_term_string\"}],\"inLanguage\":\"ca-VAL\"},{\"@type\":\"Organization\",\"@id\":\"https:\/\/oraontinyent.com\/val\/#organization\",\"name\":\"Ontinyent\",\"url\":\"https:\/\/oraontinyent.com\/val\/\",\"logo\":{\"@type\":\"ImageObject\",\"inLanguage\":\"ca-VAL\",\"@id\":\"https:\/\/oraontinyent.com\/val\/#\/schema\/logo\/image\/\",\"url\":\"https:\/\/oraontinyent.com\/wp-content\/uploads\/sites\/33\/2024\/07\/Logo_Ontinyent-2.png\",\"contentUrl\":\"https:\/\/oraontinyent.com\/wp-content\/uploads\/sites\/33\/2024\/07\/Logo_Ontinyent-2.png\",\"width\":220,\"height\":120,\"caption\":\"Ontinyent\"},\"image\":{\"@id\":\"https:\/\/oraontinyent.com\/val\/#\/schema\/logo\/image\/\"}}]}<\/script>\n<!-- \/ Yoast SEO plugin. -->","yoast_head_json":{"title":"Parqu\u00edmetro - Ontinyent","robots":{"index":"index","follow":"follow","max-snippet":"max-snippet:-1","max-image-preview":"max-image-preview:large","max-video-preview":"max-video-preview:-1"},"canonical":"https:\/\/oraontinyent.com\/val\/parquimetro\/","og_locale":"en_US","og_type":"article","og_title":"Parqu\u00edmetro - Ontinyent","og_url":"https:\/\/oraontinyent.com\/val\/parquimetro\/","og_site_name":"Ontinyent","article_modified_time":"2024-07-12T12:58:50+00:00","twitter_card":"summary_large_image","schema":{"@context":"https:\/\/schema.org","@graph":[{"@type":"WebPage","@id":"https:\/\/oraontinyent.com\/val\/parquimetro\/","url":"https:\/\/oraontinyent.com\/val\/parquimetro\/","name":"Parqu\u00edmetro - Ontinyent","isPartOf":{"@id":"https:\/\/oraontinyent.com\/val\/#website"},"datePublished":"2024-07-02T08:24:58+00:00","dateModified":"2024-07-12T12:58:50+00:00","breadcrumb":{"@id":"https:\/\/oraontinyent.com\/val\/parquimetro\/#breadcrumb"},"inLanguage":"ca-VAL","potentialAction":[{"@type":"ReadAction","target":["https:\/\/oraontinyent.com\/val\/parquimetro\/"]}]},{"@type":"BreadcrumbList","@id":"https:\/\/oraontinyent.com\/val\/parquimetro\/#breadcrumb","itemListElement":[{"@type":"ListItem","position":1,"name":"Home","item":"https:\/\/oraontinyent.com\/val\/"},{"@type":"ListItem","position":2,"name":"Parqu\u00edmetro"}]},{"@type":"WebSite","@id":"https:\/\/oraontinyent.com\/val\/#website","url":"https:\/\/oraontinyent.com\/val\/","name":"Ontinyent","description":"","publisher":{"@id":"https:\/\/oraontinyent.com\/val\/#organization"},"potentialAction":[{"@type":"SearchAction","target":{"@type":"EntryPoint","urlTemplate":"https:\/\/oraontinyent.com\/val\/?s={search_term_string}"},"query-input":"required name=search_term_string"}],"inLanguage":"ca-VAL"},{"@type":"Organization","@id":"https:\/\/oraontinyent.com\/val\/#organization","name":"Ontinyent","url":"https:\/\/oraontinyent.com\/val\/","logo":{"@type":"ImageObject","inLanguage":"ca-VAL","@id":"https:\/\/oraontinyent.com\/val\/#\/schema\/logo\/image\/","url":"https:\/\/oraontinyent.com\/wp-content\/uploads\/sites\/33\/2024\/07\/Logo_Ontinyent-2.png","contentUrl":"https:\/\/oraontinyent.com\/wp-content\/uploads\/sites\/33\/2024\/07\/Logo_Ontinyent-2.png","width":220,"height":120,"caption":"Ontinyent"},"image":{"@id":"https:\/\/oraontinyent.com\/val\/#\/schema\/logo\/image\/"}}]}},"meta_box":[],"_links":{"self":[{"href":"https:\/\/oraontinyent.com\/val\/wp-json\/wp\/v2\/pages\/180"}],"collection":[{"href":"https:\/\/oraontinyent.com\/val\/wp-json\/wp\/v2\/pages"}],"about":[{"href":"https:\/\/oraontinyent.com\/val\/wp-json\/wp\/v2\/types\/page"}],"author":[{"embeddable":true,"href":"https:\/\/oraontinyent.com\/val\/wp-json\/wp\/v2\/users\/8"}],"replies":[{"embeddable":true,"href":"https:\/\/oraontinyent.com\/val\/wp-json\/wp\/v2\/comments?post=180"}],"version-history":[{"count":3,"href":"https:\/\/oraontinyent.com\/val\/wp-json\/wp\/v2\/pages\/180\/revisions"}],"predecessor-version":[{"id":184,"href":"https:\/\/oraontinyent.com\/val\/wp-json\/wp\/v2\/pages\/180\/revisions\/184"}],"wp:attachment":[{"href":"https:\/\/oraontinyent.com\/val\/wp-json\/wp\/v2\/media?parent=180"}],"curies":[{"name":"wp","href":"https:\/\/api.w.org\/{rel}","templated":true}]}}